20?
60
Calculate the highest common factor of 48 and 159144.
24
Calculate the highest common factor of 1352 and 4576.
104
Calculate the highest common divisor of 1110865 and 14.
7
Calculate the greatest common divisor of 265527 and 16137.
1467
Calculate the highest common divisor of 304480 and 1440.
160
What is the highest common factor of 14418 and 2592?
162
What is the highest common divisor of 199300 and 890?
10
Calculate the greatest common factor of 663195 and 266.
19
What is the highest common factor of 1669394 and 106?
106
Calculate the highest common factor of 682759 and 143.
11
Calculate the highest common factor of 8657 and 5.
1
What is the highest common divisor of 56664 and 144?
72
What is the greatest common factor of 5 and 22615?
5
Calculate the greatest common factor of 8100 and 1600.
100
Calculate the highest common divisor of 522 and 306153.
261
What is the highest common factor of 105819 and 147?
21
Calculate the greatest common divisor of 4361 and 8771.
49
Calculate the highest common divisor of 31844 and 836.
76
What is the greatest common factor of 4148 and 1972?
68
Calculate the highest common factor of 53 and 10726193.
53
Calculate the highest common factor of 226 and 1160849.
113
Calculate the greatest common divisor of 273 and 1848.
21
What is the greatest common divisor of 27 and 1723482?
9
What is the greatest common divisor of 123417 and 252?
63
Calculate the highest common factor of 286 and 3025.
11
Calculate the greatest common divisor of 9788 and 116.
4
What is the greatest common divisor of 210792 and 24?
24
What is the greatest common divisor of 86 and 99158?
86
Calculate the greatest common divisor of 178319 and 46.
23
What is the highest common factor of 104 and 139529?
13
What is the greatest common divisor of 29 and 122641?
29
What is the greatest common factor of 84651 and 1344?
21
What is the highest common divisor of 11 and 131197?
11
Calculate the greatest common divisor of 2146986 and 324.
162
Calculate the greatest common factor of 1248858 and 3159.
1053
What is the highest common divisor of 3944 and 1496?
136
What is the highest common divisor of 161840 and 112?
112
Calculate the highest common factor of 82947 and 18834.
129
What is the greatest common divisor of 150 and 157350?
150
What is the greatest common divisor of 105 and 8405355?
105
Calculate the greatest common divisor of 14290223 and 19.
19
Calculate the highest common factor of 720 and 1570680.
360
Calculate the highest common divisor of 260820 and 207.
207
Calculate the highest common factor of 306 and 89403.
51
Calculate the highest common divisor of 432 and 1442718.
54
Calculate the highest common divisor of 6960 and 336.
48
Calculate the highest common divisor of 77900 and 760.
380
What is the highest common factor of 175 and 54551?
7
What is the highest common divisor of 18265 and 1755?
65
Calculate the highest common divisor of 111 and 30784.
37
What is the highest common factor of 44 and 32?
4
Calculate the greatest common divisor of 14080 and 53900.
220
What is the highest common factor of 6140 and 305?
5
What is the highest common divisor of 86544 and 108?
36
What is the highest common divisor of 1294056 and 2160?
216
What is the highest common factor of 88 and 125906?
22
What is the highest common factor of 280 and 682150?
70
What is the highest common factor of 72834 and 25986?
366
Calculate the greatest common factor of 60686 and 114.
38
Calculate the highest common factor of 4487 and 264092.
641
Calculate the highest common divisor of 41 and 99917.
41
Calculate the highest common divisor of 33390 and 3010.
70
Calculate the greatest common factor of 314 and 41291.
157
What is the highest common divisor of 464 and 986?
58
What is the highest common factor of 240 and 82428?
12
What is the highest common factor of 84 and 48732?
12
What is the highest common divisor of 790 and 1550?
10
What is the highest common factor of 60 and 121460?
20
What is the greatest common divisor of 545568 and 24?
24
Calculate the greatest common factor of 32 and 126184.
8
What is the highest common factor of 1642 and 56?
2
What is the greatest common divisor of 1068 and 276?
12
What is the highest common divisor of 162 and 5442?
6
What is the greatest common factor of 22795 and 235?
235
What is the greatest common factor of 80719 and 53?
53
Calculate the greatest common divisor of 168 and 1398712.
56
Calculate the greatest common factor of 10019 and 77123.
233
What is the highest common divisor of 3175 and 121539?
127
Calculate the greatest common factor of 132133 and 687.
229
What is the highest common divisor of 4632 and 984?
24
Calculate the greatest common factor of 5 and 31715.
5
What is the highest common factor of 1505 and 26355?
35
Calculate the greatest common divisor of 2275875 and 2250.
1125
Calculate the highest common factor of 49686 and 17914.
338
What is the highest common divisor of 27391 and 26?
13
Calculate the greatest common factor of 2795907 and 271.
271
What is the greatest common factor of 887320 and 112?
56
What is the highest common divisor of 10726909 and 129?
43
What is the highest common divisor of 120 and 973536?
24
What is the highest common divisor of 6061 and 671?
11
Calculate the highest common factor of 35322 and 126.
42
What is the greatest common divisor of 1670 and 590?
10
Calculate the greatest common divisor of 1089435 and 885.
885
What is the highest common factor of 31 and 2384?
1
Calculate the highest common divisor of 22756691 and 83.
83
What is the greatest common factor of 28 and 15218?
14
What is the highest common divisor of 48 and 447696?
48
What is the highest common factor of 6844 and 174?
58
Calculate the highest common divisor of 127069 and 31.
31
Calculate the greatest common factor of 1875522 and 1099.
157
Calculate the greatest common factor of 99994 and 289.
289
Calculate the highest common divisor of 1692 and 512112.
564
Calculate the greatest common divisor of 124 and 52297.
31
What is the highest common divisor of 126 and 21938?
14
Calculate the greatest common divisor of 4631 and 23221.
11
What is the greatest common factor of 230633 and 1243?
113
What is the highest common factor of 1362460 and 484?
484
Calculate the greatest common divisor of 330198 and 154.
22
What is the greatest common divisor of 304920 and 20?
20
Calculate the highest common factor of 1359116 and 1496.
748
Calculate the greatest common factor of 845 and 676.
169
What is the highest common factor of 43428 and 154?
154
Calculate the highest common factor of 14920 and 15.
5
Calculate the highest common factor of 88862 and 2669.
157
Calculate the greatest common divisor of 118005 and 30.
15
What is the greatest common factor of 12 and 1136526?
6
Calculate the greatest common factor of 1356 and 272104.
452
Calculate the highest common divisor of 4 and 722164.
4
Calculate the greatest common divisor of 2204 and 85158.
38
What is the highest common divisor of 133 and 25213?
19
What is the highest common divisor of 20 and 37010?
10
What is the highest common divisor of 409009 and 23?
23
Calculate the greatest common factor of 4573 and 13181.
269
What is the highest common factor of 9039 and 20043?
393
Calculate the greatest common divisor of 1048 and 57116.
524
Calculate the greatest common factor of 48 and 54168.
24
Calculate the highest common divisor of 12145 and 10.
5
Calculate the greatest common divisor of 104 and 101296.
104
Calculate the highest common divisor of 17488 and 232.
8
Calculate the highest common divisor of 6647 and 23.
23
What is the greatest common factor of 980 and 64778?
98
What is the highest common factor of 14384 and 87?
29
Calculate the highest common factor of 480 and 466740.
60
What is the greatest common divisor of 18 and 27297?
9
Calculate the greatest common divisor of 286 and 4246.
22
What is the highest common divisor of 688795 and 1041?
347
Calculate the greatest common divisor of 192 and 82074.
6
What is the highest common divisor of 1827 and 17703?
63
Calculate the greatest common divisor of 450 and 3270.
30
Calculate the highest common divisor of 13 and 226135.
13
What is the highest common factor of 99 and 264594?
33
Calculate the greatest common factor of 4650 and 255.
15
Calculate 